{"id":26,"date":"2019-06-06T21:40:52","date_gmt":"2019-06-06T21:40:52","guid":{"rendered":"https:\/\/sec-n.eu\/?page_id=26"},"modified":"2020-02-17T11:32:06","modified_gmt":"2020-02-17T11:32:06","slug":"portfolio","status":"publish","type":"page","link":"https:\/\/sec-n.eu\/?page_id=26","title":{"rendered":"Portfolio"},"content":{"rendered":"\n<p><a href=\"https:\/\/nwn-it.com\/itsecmgmt.html\">IT-Sicherheitsmanagement<\/a><\/p>\n\n\n\n<p>Ein fortlaufender Prozess zur Gew\u00e4hrleistung der IT-Sicherheit und systematische Absicherung eines informationsverarbeitenden IT-Verbundes.<\/p>\n\n\n\n<p>Computer- und Internetkriminalit\u00e4t erkennen, vorbeugen und bek\u00e4mpfen. Mit wenigen kosteng\u00fcnstigen Ma\u00dfnahmen sicherer werden.<\/p>\n\n\n\n<p>An der Cloud kommt keiner vorbei. IT-Ressourcen werden heute dynamisch und flexibel bereitgestellt &#8211; \u00fcberall und jederzeit.<\/p>\n\n\n\n<h3 class=\"wp-block-heading\">Big-Data Sicherheit<\/h3>\n\n\n\n<p>Terabytes an sicherheitsrelevanten Daten. Sicherheit ist heute ein Big-Data-Problem, weil alle Daten in einem Sicherheitskontext gesehen werden m\u00fcssen.<\/p>\n\n\n\n<h3 class=\"wp-block-heading\">Mobile Sicherheit<\/h3>\n\n\n\n<p>Mobiles B\u00fcro &#8211; grenzenlos! Die Bedrohungen und die Angriffsfl\u00e4che wachsen mit der Omnipr\u00e4senz. Die Sicherheitsm\u00e4ngel-Liste ist lang.<\/p>\n\n\n\n<h3 class=\"wp-block-heading\">Web Sicherheit<\/h3>\n\n\n\n<p>Webanwendungen sind nicht nur f\u00fcr Kunden oder Partner da, sondern sind gleichzeitig ein begehrtes Angriffsziel. Es geht um viel.<\/p>\n","protected":false},"excerpt":{"rendered":"<p>IT-Sicherheitsmanagement Ein fortlaufender Prozess zur Gew\u00e4hrleistung der IT-Sicherheit und systematische Absicherung eines informationsverarbeitenden IT-Verbundes. Computer- und Internetkriminalit\u00e4t erkennen, vorbeugen und bek\u00e4mpfen. Mit wenigen kosteng\u00fcnstigen Ma\u00dfnahmen sicherer werden. An der Cloud kommt keiner vorbei. IT-Ressourcen werden heute dynamisch und flexibel bereitgestellt &#8211; \u00fcberall und jederzeit. Big-Data Sicherheit Terabytes an sicherheitsrelevanten Daten. Sicherheit ist heute ein Big-Data-Problem, &hellip; <\/p>\n<p class=\"link-more\"><a href=\"https:\/\/sec-n.eu\/?page_id=26\" class=\"more-link\"><span class=\"screen-reader-text\">\u201ePortfolio\u201c<\/span> weiterlesen<\/a><\/p>\n","protected":false},"author":1,"featured_media":0,"parent":0,"menu_order":0,"comment_status":"closed","ping_status":"closed","template":"","meta":{"footnotes":""},"class_list":["post-26","page","type-page","status-publish","hentry"],"_links":{"self":[{"href":"https:\/\/sec-n.eu\/index.php?rest_route=\/wp\/v2\/pages\/26"}],"collection":[{"href":"https:\/\/sec-n.eu\/index.php?rest_route=\/wp\/v2\/pages"}],"about":[{"href":"https:\/\/sec-n.eu\/index.php?rest_route=\/wp\/v2\/types\/page"}],"author":[{"embeddable":true,"href":"https:\/\/sec-n.eu\/index.php?rest_route=\/wp\/v2\/users\/1"}],"replies":[{"embeddable":true,"href":"https:\/\/sec-n.eu\/index.php?rest_route=%2Fwp%2Fv2%2Fcomments&post=26"}],"version-history":[{"count":2,"href":"https:\/\/sec-n.eu\/index.php?rest_route=\/wp\/v2\/pages\/26\/revisions"}],"predecessor-version":[{"id":37,"href":"https:\/\/sec-n.eu\/index.php?rest_route=\/wp\/v2\/pages\/26\/revisions\/37"}],"wp:attachment":[{"href":"https:\/\/sec-n.eu\/index.php?rest_route=%2Fwp%2Fv2%2Fmedia&parent=26"}],"curies":[{"name":"wp","href":"https:\/\/api.w.org\/{rel}","templated":true}]}}